sor of 8493 and 835221.
57
What is the greatest common divisor of 6559 and 153097?
7
Calculate the greatest common divisor of 509 and 3883.
1
What is the greatest common factor of 7737244 and 272?
68
Calculate the highest common factor of 74452083 and 3.
3
What is the highest common factor of 4805 and 22085?
5
What is the highest common factor of 3091 and 190949?
11
Calculate the highest common factor of 5283746 and 832.
26
What is the highest common factor of 100 and 2586170?
10
Calculate the highest common factor of 768 and 556536.
24
Calculate the highest common factor of 11034480 and 300.
60
Calculate the greatest common factor of 35 and 14028010.
5
Calculate the greatest common divisor of 127312 and 212.
4
What is the highest common divisor of 15302900 and 2192?
548
What is the highest common factor of 6123229 and 35?
7
Calculate the highest common factor of 12716 and 64691.
11
Calculate the highest common factor of 640 and 357964160.
640
What is the greatest common factor of 28858739 and 13?
13
Calculate the highest common divisor of 195216 and 307720.
392
Calculate the highest common divisor of 528303 and 540669.
687
Calculate the greatest common divisor of 47314018 and 946.
86
What is the highest common divisor of 168 and 456023148?
84
Calculate the greatest common factor of 77794649 and 926.
463
What is the highest common divisor of 22692 and 81468?
372
What is the highest common divisor of 1930325 and 275?
25
What is the greatest common divisor of 6741424 and 992?
16
Calculate the highest common divisor of 294084787 and 838.
419
Calculate the greatest common factor of 8318 and 18536663.
4159
Calculate the highest common divisor of 618856 and 82474.
602
What is the greatest common divisor of 588829 and 494033?
1823
What is the highest common divisor of 13361 and 2319358?
31
What is the highest common factor of 14066 and 143000?
26
Calculate the highest common factor of 5695701 and 462.
33
What is the greatest common divisor of 1085515 and 516917?
107
What is the greatest common factor of 41200 and 3125?
25
Calculate the greatest common divisor of 992 and 1600590512.
496
What is the highest common factor of 43506327 and 15?
3
What is the greatest common factor of 26576 and 226468?
44
Calculate the greatest common factor of 104807 and 437089.
337
What is the highest common factor of 5767240 and 6880?
40
What is the greatest common divisor of 5420870 and 16317?
1813
Calculate the greatest common divisor of 4229381 and 988.
247
What is the greatest common divisor of 1445 and 41120?
5
Calculate the highest common divisor of 822165 and 24898.
59
Calculate the greatest common divisor of 664 and 44963756.
332
What is the greatest common divisor of 834447264 and 2352?
2352
Calculate the greatest common divisor of 23040 and 53415.
45
What is the greatest common factor of 38158 and 393?
1
Calculate the greatest common divisor of 3664 and 34199089.
229
Calculate the highest common factor of 92563 and 1812641.
613
Calculate the greatest common divisor of 138877 and 11405120.
1229
Calculate the highest common divisor of 5929258 and 14166.
1574
What is the greatest common factor of 190567 and 4600037?
1391
What is the highest common divisor of 10 and 4606856?
2
What is the highest common divisor of 474984 and 106839?
81
What is the greatest common factor of 1058152 and 7424?
232
Calculate the highest common factor of 5220726 and 588.
42
What is the greatest common divisor of 378 and 6328896?
42
Calculate the highest common divisor of 56 and 104269564.
28
What is the greatest common divisor of 11781 and 85439277?
693
Calculate the highest common divisor of 290688010 and 10.
10
Calculate the greatest common divisor of 44923 and 558949.
167
What is the highest common divisor of 1923611748 and 1979?
1979
What is the greatest common factor of 77763 and 24?
3
What is the greatest common factor of 10098417 and 14?
7
What is the greatest common factor of 840 and 5338260?
60
Calculate the highest common divisor of 149156448 and 2016.
672
Calculate the highest common divisor of 13306398 and 42.
42
What is the greatest common divisor of 42 and 31988586?
42
Calculate the greatest common divisor of 26104 and 248872.
104
What is the highest common divisor of 12579644 and 9212?
1316
Calculate the greatest common divisor of 32 and 10822384.
16
Calculate the highest common divisor of 5603 and 170417.
13
Calculate the highest common factor of 1602 and 29826.
18
What is the greatest common divisor of 10287080 and 270?
10
What is the highest common factor of 163940 and 1761184?
4684
Calculate the greatest common factor of 420 and 20621240.
20
What is the highest common divisor of 1337 and 54372161?
191
What is the greatest common factor of 116 and 88667587?
29
What is the greatest common divisor of 4589703 and 81?
81
Calculate the greatest common divisor of 113897635 and 10.
5
What is the greatest common divisor of 1420760 and 605?
55
What is the highest common factor of 4208 and 5051441?
263
Calculate the highest common factor of 324248362 and 58.
58
What is the greatest common divisor of 3826017 and 14274?
117
Calculate the greatest common factor of 4972059 and 24849.
2259
What is the greatest common factor of 32149 and 37752?
13
Calculate the highest common factor of 70 and 2195290.
10
What is the highest common factor of 1788 and 74244018?
894
What is the highest common divisor of 44697 and 401803?
47
Calculate the highest common factor of 8268 and 1200732.
156
What is the highest common factor of 4107285 and 475245?
2655
Calculate the highest common factor of 308297606 and 151.
151
What is the greatest common divisor of 115490 and 1010?
10
Calculate the greatest common factor of 2150973 and 869.
11
Calculate the greatest common factor of 2624 and 807168.
64
What is the highest common factor of 51968 and 3776?
64
What is the highest common divisor of 594 and 104589?
9
Calculate the greatest common divisor of 690 and 42158770.
230
What is the greatest common divisor of 3681 and 3837647?
409
Calculate the greatest common divisor of 606208 and 1792.
256
Calculate the greatest common factor of 16 and 38453322.
2
Calculate the highest common factor of 311902787 and 2485.
497
What is the greatest common factor of 7931 and 2826949433?
7931
Calculate the highest common divisor of 1316928 and 166554.
114
Calculate the greatest common factor of 127470 and 396480.
210
Calculate the greatest common factor of 4620 and 37080960.
420
What is the greatest common factor of 7657992 and 6570?
1314
Calculate the greatest common divisor of 8310750 and 2982.
42
What is the highest common divisor of 266 and 1903344?
38
Calculate the highest common divisor of 23508263 and 31904.
997
What is the greatest common factor of 192 and 302003264?
64
What is the greatest common divisor of 7446117 and 3924?
327
Calculate the greatest common divisor of 7873500 and 348.
348
What is the highest common divisor of 29100 and 44?
4
Calculate the highest common factor of 47170632 and 204.
12
What is the highest common divisor of 43299 and 122978782?
4811
What is the greatest common divisor of 669376 and 7024?
16
Calculate the greatest common divisor of 2332732 and 25950.
346
Calculate the greatest common divisor of 165150 and 990.
90
What is the highest common divisor of 6404205 and 285?
15
What is the greatest common factor of 72 and 1442712?
24
What is the greatest common divisor of 122273801 and 67509?
7501
What is the highest common divisor of 516 and 78116380?
172
Calculate the greatest common factor of 48048 and 163828.
28
Calculate the greatest common factor of 27120 and 2609170.
1130
Calculate the highest common factor of 24305251 and 82.
41
What is the greatest common factor of 6553972 and 17332?
2476
What is the highest common factor of 85061252 and 76?
76
Calculate the highest common divisor of 271664 and 32.
16
What is the greatest common divisor of 807036 and 6213?
327
What is the greatest common divisor of 8554 and 376423?
47
What is the highest common factor of 5606381 and 8897?
1271
Calculate the highest common divisor of 56219 and 731.
17
Calculate the greatest common factor of 110 and 2564840.
10
Calculate the greatest common factor of 5270625 and 300777.
2811
What is the highest com